
Let g be 13*1/2*(40 + -22). What is the greatest common factor of g and 65?
13
Suppose 153*n - 133*n = 60. Calculate the highest common factor of 147 and n.
3
Suppose -3*b + 105 = -5*v + 17, -1 = -v. Suppose 2*d + 219 = -4*o + 5*o, 0 = 2*o + 5*d - 429. What is the greatest common factor of b and o?
31
Let c(u) = 11*u - 353. Let p be c(35). Calculate the highest common factor of p and 208.
16
Let t(n) = -2*n**2 + 20*n - 39. Let g be t(7). What is the highest common factor of g and 33?
3
Let b(c) be the third derivative of c**6/60 + 3*c**5/20 + 4*c**3/3 - 7*c**2. Let u be b(-4). Calculate the highest common factor of 168 and u.
24
Let c(f) = -f**2 + 8*f. Let m be c(11). Let h = m + 176. Let g be (-2)/4 + (-27)/(-2). Calculate the highest common factor of h and g.
13
Let q be 5 + -3 + (0 - -38). Suppose 0*d + 4*d = 128. Let u = d + -22. What is the greatest common divisor of u and q?
10
Let h(v) = -18*v + 7. Let c be h(-3). Suppose -c - 29 = -6*d. What is the greatest common factor of d and 6?
3
Let o(i) = 2*i**2 + 4*i + 1. Let y be o(8). Let f(p) = 2*p**3 - 118*p**2 + 3*p - 154. Let k be f(59). Calculate the highest common factor of k and y.
23
Let l = -8 + 17. Suppose -2*y - 6*y = -32. Suppose 4*f - 1 = -i, y*f - 2 = -2*i + f. What is the greatest common factor of i and l?
1
Suppose -2*n - 3*k = 2*n - 243, 5*k + 235 = 4*n. Calculate the highest common factor of 20 and n.
20
Let v be (1/(-2) - 0)/((-21)/1260). Suppose -2*r + v = 2*m, 3*r - 45 = -4*m + 2*r. Calculate the highest common factor of 2 and m.
2
Let v(d) = d + 108. Let b be v(6). What is the highest common factor of b and 2?
2
Let p(t) = t**3 + 10*t**2 + 2*t + 7. Let d be p(-7). Let g(n) = -2*n**2 - 25*n - 15. Let u be g(-10). Calculate the highest common divisor of u and d.
35
Let z(p) = 2*p**2 - 17*p + 30. Let h be z(7). Calculate the greatest common factor of 9 and h.
9
Let v be 16/6*(2 - 1884/(-48)). What is the highest common factor of v and 88?
22
Let b be 1 - -3 - 1/(-2)*10. Suppose -y - 21 = -3*v + 3, 2*v = -3*y + 27. Calculate the highest common factor of v and b.
9
Let j = 35 - 52. Let b be 1*j*(-5 - -4). Let a be b/6 + (-3)/(-18). Calculate the greatest common factor of a and 33.
3
Suppose -3*k + 248 = k. Suppose u - k = -3*y, -187 - 83 = -5*u - 5*y. Calculate the greatest common divisor of u and 20.
10
Let w be 1 + (-4)/((-12)/9). Suppose 51 = w*c - 0*t + 3*t, 3*c - 17 = 2*t. Let o = 255 - 174. What is the greatest common divisor of c and o?
9
Let b = -50 + 30. Let k = b + 26. What is the highest common divisor of 6 and k?
6
Let l(w) = -w**3 + 5*w**2 + 2*w - 8. Let c be l(5). Suppose -24 = -g + 3*v, -g + 2*g - c*v = 26. What is the greatest common factor of 90 and g?
30
Let n be (-8 - 147/(-18)) + 22/12. What is the greatest common divisor of 2 and n?
2
Suppose -18*x = -20*x + 5*n + 295, -3*x + n + 449 = 0. Calculate the highest common divisor of x and 5.
5
Let b = 771 + -512. Calculate the highest common divisor of b and 37.
37
Let k = 26 + -24. Let g be -1*(-8 + 1 + k). Let o be (0 - 1) + 1*g. What is the greatest common divisor of o and 10?
2
Suppose 7 = -5*d + 27, -f = -2*d - 42. Calculate the greatest common factor of f and 10.
10
Suppose -2*i - 6*c + 1166 = -4*c, -1166 = -2*i + 4*c. Calculate the greatest common divisor of i and 11.
11
Let a = 306 - 181. Let t be 1*(-2 - (-85)/1). Let s = t - 58. Calculate the greatest common factor of s and a.
25
Let y = 67 + -145. Let i be y/(-24) - (-2)/(-8). Suppose -6*k + i*k + 5*x = -17, 0 = -k + 4*x + 8. What is the highest common factor of k and 10?
2
Suppose -14 = -5*m + 1. Let z = m + -6. Let v be (-4)/6 + (-17)/z. What is the highest common divisor of v and 15?
5
Suppose -245 = -2*y + 5*t, -2*t + 130 = y - 6*t. Let l = -75 + y. What is the highest common divisor of 5 and l?
5
Let c(d) = -14*d - 12. Let m be c(-4). Calculate the greatest common divisor of m and 132.
44
Let l = 561 - 231. Let h be (48/(-32))/((-9)/l). Suppose -4*x + 4*k + 84 = 0, 3*k - 1 = 2*k. Calculate the greatest common divisor of h and x.
11
Suppose -10 = -s + 18. Let l = -508 - -550. What is the highest common divisor of s and l?
14
Let a = 12 + -10. Suppose -5*l + s + 27 = 0, -a*l + 5*l = 2*s + 12. What is the greatest common factor of l and 66?
6
Let q(y) = 5*y - 72. Let n be 16/(-100)*-5*20. Let o be q(n). What is the highest common factor of o and 4?
4
Let h(l) = -2*l**2 + 26*l + 37. Let q be h(15). Let a = q + 59. Calculate the highest common divisor of 24 and a.
12
Suppose -4*q - 18 = -5*i, -3*i + 0*i = -5*q - 3. Let t be -2 + (-100)/15*i/(-4). Calculate the greatest common divisor of t and 24.
8
Let j(h) = 4*h**2. Let u be j(3). Let r be (4/(-3))/((-24)/u). Calculate the highest common divisor of r and 18.
2
Let s = 5 - 3. Suppose -s*a - 3*a = -135. Suppose 2*l = -3*j + 5, -13*l = j - 18*l - 13. Calculate the greatest common divisor of a and j.
3
Let y(v) = -v**2 - 13*v + 74. Let j be y(-17). Let a be (-1 - -516) + (-8)/(-4). Let s be a/33 + 2/j. Calculate the greatest common factor of 8 and s.
8
Let x(i) = -18*i + 1. Let a be x(-1). Suppose a - 69 = -5*g. Calculate the greatest common factor of 2 and g.
2
Let n(j) = 2*j**2 - 6*j + 4. Let c be n(4). Suppose q + 23 = 2*z, -44*z = -45*z + q + 11. Calculate the greatest common divisor of c and z.
12
Suppose 4*s + 6 = -14. Let y = 29 - s. Calculate the greatest common factor of y and 85.
17
Let k = 69 + -57. Let z be ((-3)/(-1) - -3)/(k/8). Calculate the highest common divisor of z and 28.
4
Let m be 10/(-3) + (-1)/(-3) - -283. Let j = m - 40. What is the highest common divisor of 12 and j?
12
Let g(b) = b**3 - 12*b**2 + 12*b + 1. Let u be g(11). Calculate the greatest common factor of u and 1572.
12
Let x(q) = 5*q**2 + 220*q + 51. Let g be x(-44). Calculate the greatest common divisor of 34 and g.
17
Let c be 0 + -4 + 3 + 27. Let z(u) = -4*u**2 - 4*u**2 - 19 + 9*u**2 - 4*u. Let m be z(8). Calculate the highest common divisor of m and c.
13
Suppose 0 = -5*i - 151 + 526. Let o be ((-16)/6)/(140/i - 2). What is the greatest common factor of 50 and o?
10
Let m(r) = r**3 + 12. Let t be m(3). Calculate the highest common divisor of 247 and t.
13
Let a be 22/(32/(-12)*12/(-16)). Calculate the highest common factor of a and 2.
1
Let k = -472 + 328. Let x = -63 - k. Let l be (-3)/6*2 - -55. What is the highest common divisor of x and l?
27
Let y = -220 + 579. Let d be (-10)/(-35) + 3328/14. Let z = y - d. What is the highest common factor of 11 and z?
11
Suppose -254 = -17*s + 103. Let t = 174 + -77. Suppose t = -3*p + 412. What is the greatest common factor of p and s?
21
Suppose 40 = 2*v + i - 3, 2*i = 5*v - 112. Calculate the greatest common divisor of 55 and v.
11
Let o(d) = -28*d**3 - 3*d**2 - d + 1. Let i be o(-1). What is the highest common factor of i and 351?
27
Let t be (2 + 4 + -16)*-1*4. What is the greatest common divisor of 10 and t?
10
Let r = 1086 - 694. Suppose 5*b + 8 = -r. Let u be b/6*(-18)/4. Calculate the greatest common divisor of u and 15.
15
Suppose 7 = 5*j - y - 2*y, -9 = -2*j - 5*y. Let i(v) = -v - 8. Let z be i(-9). Let g be 22 + (0 + z - j). What is the highest common factor of 21 and g?
21
Suppose -3*o + o = -3*l - 26, -5*o - 5*l + 15 = 0. Suppose -o*j + 9*j = 0. Suppose 4*b - 70 - 70 = j. Calculate the highest common divisor of b and 5.
5
Let a(q) = -14*q**2 - 2*q + 1. Let g be a(-2). Let h = g - -107. Calculate the highest common divisor of h and 7.
7
Let g be 4/(-5)*(-170)/4. Let f(w) = -w**2 - 24*w + 602. Let h be f(15). Calculate the greatest common factor of g and h.
17
Let y = -205 - -309. Calculate the greatest common divisor of 13 and y.
13
Let u be (-598)/(-6) + 2/(-3). Suppose -3*q = -4*j - 7 - 8, -12 = -4*j. What is the highest common divisor of q and u?
9
Suppose -8*b + 91 = 11. What is the greatest common divisor of 515 and b?
5
Suppose 9*r + 437 = 2*n + 10*r, 0 = -n - r + 220. Calculate the highest common factor of 7 and n.
7
Suppose 3*t = 0, -3*u + 18 = -5*t - 57. Let l = 6693 + -6668. What is the greatest common factor of l and u?
25
Suppose -3*z + 54 = -z + 5*r, -r + 90 = 4*z. Let u be (2 - -20)*(-3 + -8 + 12). What is the greatest common factor of u and z?
22
Suppose -40 - 114 = -7*h. Calculate the greatest common factor of h and 374.
22
Suppose 10*p = 9